= 3*b**2 - 8*b - 20. Suppose -5*v - 13 = -2*i, 4*v = 23*i - 26*i + 8. Determine x(i).
-4
Let b(z) be the second derivative of -z**3 + 0*z**2 + 0 - 99*z + 1/12*z**4. Give b(7).
7
Let f be 3375/30 + ((-2)/4)/1. Let t = -117 + f. Let b(x) = x**3 + 3*x**2 - 2*x - 4. Calculate b(t).
-44
Let m(r) be the third derivative of -41*r**4/24 - r**3/6 - r**2 - 2070. What is m(-2)?
81
Let m(b) = -b**3 - 23*b**2 - 15*b + 12. Let a be m(-21). Let v = -546 - a. Let d(l) = l**3 - 9*l**2 + l - 13. Determine d(v).
-4
Let t(l) = -25*l + 46. Let x(d) = -137*d + 233. Let y(g) = 11*t(g) - 2*x(g). What is y(24)?
16
Let k(w) = 9*w**2 + 6*w + 6. Let o be k(-3). Let l = -71 + o. Let p be (-318)/66 - l/(-11). Let h(z) = z**2 + 4*z - 6. What is h(p)?
-1
Let k(o) be the third derivative of o**4/4 - 2*o**3/3 - o**2 - 49*o. Suppose -w + 0 = 3. Give k(w).
-22
Let l(m) be the first derivative of m**4/4 + m**3 - m**2/2 - 2*m + 14904. Let o(w) = w**2 - 6*w + 4. Let r be o(4). Determine l(r).
-14
Let d(y) = 432*y**3 + 7*y - 1295*y**3 + 431*y**3 - 5 - 2*y**2 + 431*y**3. Give d(4).
-73
Let s = -98 - -51. Let x = -35 - s. Let y(o) = 9*o**3 + x*o**3 + o - 3 - 9*o**2 - 20*o**3. Calculate y(9).
6
Let o(m) = -8 - 11*m - 39*m**2 + 38*m**2 + 24 - 14. Suppose 0*u - 55 = 5*u. Calculate o(u).
2
Let c = 1541 - 1543. Let y(o) = -11*o. Let r(j) = -13*j + 1. Let z(f) = 5*r(f) - 6*y(f). Determine z(c).
3
Let x(z) = -z - 9. Let y be 1 - ((-1)/5)/(17/(-85)). Suppose 4*a = h + 25, -3*h - 4*a - 12 - 15 = y. Calculate x(h).
4
Let y(t) = -76*t - 4096. Let l be y(-54). Let r(g) = -11*g + 63. What is r(l)?
-25
Let x(s) be the third derivative of 1/12*s**4 + 0*s - 1/30*s**5 + 3*s**2 - 1/6*s**3 + 0 - 1/10*s**6. Let g = -260 + 261. Give x(g).
-13
Let f be -9 + 15 - (-1 - -4). Let a(w) = -8*w**2 + 5*w - 7. Let s be 4/(-20) - (-2 + 16/20). Let z(i) = -i**2 - 1. Let q(r) = s*a(r) - 4*z(r). What is q(f)?
-24
Let r(f) = 25*f - 30*f + 29 - 40 - 28 - 30. Give r(-9).
-24
Let y(u) = 87*u + 2257. Let c be y(-26). Let b(x) = 4*x**3 + 18*x**2 - 8*x + 16. Give b(c).
6
Suppose -2*o + 7 = -7. Let s(b) = 28*b - 24. Let f(z) be the second derivative of 13*z**3/6 - 6*z**2 - 36*z. Let i(t) = -13*f(t) + 6*s(t). What is i(o)?
5
Let a(n) = -n**3 - n**2 + 5*n - 6. Suppose -6 = -176*l + 346. Determine a(l).
-8
Let b(m) = -2*m - 85*m**2 + 3*m - 82*m**2 + 249*m**2 - 83*m**2. Determine b(2).
-2
Let h(b) = -6*b + 4. Let c(f) = -17*f + 11. Let n(z) = -4*c(z) + 11*h(z). Suppose -4*v - y + 6 + 4 = 0, 5*v - 19 = 2*y. Let x be (15/(-10))/(v/4). Give n(x).
-4
Let o(m) be the second derivative of -31*m**6/120 - m**5/30 - m**4/12 - m**3/6 + 38*m**2 + 2*m - 15. Let h(v) be the first derivative of o(v). Calculate h(-1).
30
Let b(n) be the third derivative of -n**6/120 + n**5/20 - n**4/12 + n**3/3 + 376*n**2 + 1. Give b(3).
-4
Let c be -1 - 1 - (-10)/(-2). Let n(v) be the second derivative of -v**4/12 - 7*v**3/6 - v**2 - 3*v - 1972. Determine n(c).
-2
Suppose a = 3*w + 19, 0 = -a - 0*a + 5*w + 27. Let p(o) = 0 + 1 - 30*o**3 + 9*o**2 - 33*o**2 + 20*o**2 + 29*o**3 + 12*o + 9*o**2. What is p(a)?
-13
Let y(t) be the first derivative of 5*t**4/24 - 2*t**3/3 - 137*t**2/2 - 24. Let v(d) be the second derivative of y(d). Calculate v(3).
11
Let j(r) = r**3 - 3*r**2 - 2*r. Suppose 112 = -5*m + 127. Give j(m).
-6
Let a(h) be the first derivative of -h**3/3 - h**2/2 + 3*h + 1714. What is a(-2)?
1
Let p be (-8)/14 - 7/(441/(-36)). Suppose 5*o - 5 = 0, -5*f + p*o + 2*o - 2 = 0. Let l(b) = b**2 - 3*b + 8. Give l(f).
8
Suppose -6*i + 0*i + 192 = 18*i. Let k(x) = -2*x + 56. Give k(i).
40
Suppose -3*o - 3*p = -18, 5*o + 4*p + 9 = 42. Let n be o/3*-1 + 3. Let y(h) = -h**3 - 2 + 8*h - 9*h + 15. Calculate y(n).
13
Suppose -3*s = 12, -g + s - 6 = -6*g. Suppose -8*d + 2 = -7*d. Let j(v) = -3*v**g - 8*v - 17 - 18 + 26 + d*v**2. Give j(-6).
3
Let p(w) = 2*w - 1. Let c be (-46)/(-4) - 20/8. Suppose c*r = 2*r - 7. Determine p(r).
-3
Let s(i) = -i**2 + 6*i + 7. Let k(f) = -3*f**2 + 11*f + 13. Let p be 1/(-1 + 24/20). Suppose 5*r + 26 = -8*r. Let b(z) = p*s(z) + r*k(z). Calculate b(-7).
2
Let n(k) = 30 + 20 + 11 + 10*k + 6 - 5. Determine n(-6).
2
Let i(f) = -183*f - 76*f + 16 + 277*f. Give i(0).
16
Let q(v) be the second derivative of v**5/20 - 5*v**4/6 + 5*v**3/2 - 13*v**2 + 1731*v. Give q(8).
-34
Let t(s) = -s**3 - 2*s**2 + s + 2. Let p(g) = g**2 + 23*g + 65. Let j be p(-21). Let i(l) = 3*l - 73. Let z be i(j). Calculate t(z).
30
Let p(s) = s**3 - 5*s**2 + 6*s - 2. Let k be -1 + 10 + (4 - 7). Let x be (-5 + 2)*(-16)/k. Suppose -4*j = -x*j + 16. Determine p(j).
6
Let w(l) = -2008*l**2 - 1981*l**2 + 6*l + 4 + 4*l**3 + 4014*l**2 - 5. Give w(-6).
-1
Let x(v) = -3*v**3 - 18*v**2 - 45*v - 163. Let t be x(-5). Let r(p) = -23*p - 282. What is r(t)?
17
Suppose -23*s = -16*s - 2205. Let l be s/30*(-16)/(-28). Let n(f) = f**3 - 8*f**2 + 6*f + 7. Calculate n(l).
-29
Let a(g) = 14 + 4 - 16 - 9*g**2 + 3*g**2. Determine a(2).
-22
Let j(y) = -y - 10. Suppose 3*l = -2*l - 35. Let f be j(l). Let k(n) = 2*n**2 + 6*n + 1. Let m(r) = -r**2 - 3*r - 1. Let v(h) = 3*k(h) + 7*m(h). Give v(f).
-4
Let u(p) = -4*p. Let o be (-10 - (3 + -14))/(-1). Calculate u(o).
4
Let y(v) = 5*v + 78. Let n be (12/(4 - 1))/((-30)/120). Give y(n).
-2
Let j = 53 + -28. Suppose -5*o - j - 205 = 0. Let b = -51 - o. Let q(n) = n**3 + 3*n**2 - 6*n + 1. Determine q(b).
-19
Let q(u) be the third derivative of u**6/120 + 7*u**5/60 - u**4/6 + 35*u**3/6 - 2*u**2 + 1798*u. What is q(-8)?
3
Let r(w) = -5. Let f(n) = -4*n + 17. Let v(h) = -f(h) - 2*r(h). Give v(5).
13
Let g(q) = -q + 6*q + 55*q - 30 - 85*q. What is g(-7)?
145
Let v(z) = -z**2 + 5*z + 6. Suppose 35 = -5*u - 5*y + 4*y, -3*y + 15 = -5*u. Let b be (-10 - u)*(-3)/2. Determine v(b).
0
Let k(b) = -134*b + 172*b + 8 - 40*b. What is k(17)?
-26
Let s(h) = h**2. Let r be s(-3). Let w be (0 - 5) + (r - (-5)/1). Let t(q) = -q + 3. Determine t(w).
-6
Let y(n) = n**3 + 19*n**2 + n - 7. Let f be y(0). Let p(g) = -g**3 - 4*g**2 + 7*g - 3. Calculate p(f).
95
Let j(x) be the second derivative of -x**3/6 - 13*x**2/2 + 243*x + 1. Let t = 10 + -11. Let h = -10 - t. Determine j(h).
-4
Suppose 7*k + 268 = 226. Suppose o - 16 - 2 = 3*m, 0 = -5*o + 2*m + 25. Let w(h) = o*h - 2*h + 19 - 22. What is w(k)?
-9
Suppose -2*a - 23 = 8*x - 7*x, 3*a + 3*x + 36 = 0. Let b be 17 - (17/187 + (-43)/a). Let t(r) = -r**2 + 13*r - 3. Give t(b).
-3
Let a(h) = 2*h**2 - 9*h - 2. Let o(n) = -13*n**2 + 52*n + 59. Let i(w) = 6*a(w) + o(w). Give i(7).
-16
Let y(j) = -j**2 - 8*j - 9. Let m = 3149 + -3152. Give y(m).
6
Let a(b) be the first derivative of b**3/3 + 3*b**2/2 - 5*b + 612. Determine a(-4).
-1
Let h(a) = -2*a - 17. Let z be 220/(-15)*(130/(-4) + -2). Suppose z = 7*l + 555. What is h(l)?
-3
Let d(r) = -r**3 - 6*r**2 - 4*r + 3. Let x(z) = z - 26. Let c be x(-7). Let y = c - -31. Let s be 6/(-9) + -13*y/(-6). Give d(s).
-2
Let r(m) = -m**2 + 9*m - 14. Suppose 0*a = 4*a + 3*z - 12, -2*a - 2*z = -6. Let k(i) = 4*i - 6. Let s be k(a). Determine r(s).
4
Let m(w) = -w**2 + 4*w - 2. Let i(l) = 2*l**2 + 24*l + 18. Let n be i(6). Suppose 4*x + 202 = n. Determine m(x).
-34
Let s be 3/((-9)/2)*3. Let l(w) = 221 - 217 + w + 0*w. Determine l(s).
2
Let t(p) = 0*p**2 + 14 + 2 - 14 + 2*p - 3*p**2 + p**3. Determine t(-3).
-58
Let q(a) = 6*a + 1. Let y be q(1). Let k(p) be the first derivative of -p**3/3 + 9*p**2/2 + 8*p + 2567. Give k(y).
22
Let p be 222/(-407) - 237/(-11). Let j(w) = w**3 - 19*w**2 - 46*w + 8. Determine j(p).
-76
Suppose 0 = -186*p + 192*p - 18. Let s(j) = 10*j**2 - 5*j**3 + 6*j**p + 81*j + 1 - 74*j. Give s(-9).
19
Let s be (1 + (-2 - -5))/1. Let d(v) = -v**2 + 25*v - 85. Calculate d(s).
-1
Let g(x) = 495*x**3 + 14 - 32*x + 12*x**2 + 504*x**3 - 1000*x**3. Calculate g(8).
14
Let j(o) = 209*o - 787. Let u(h) = -723*h + 2363. Let x(p) = 7*j(p) + 2*u(p). Determine x(46).
-1
Suppose -33 = 3*d - 90. Let k = d - 21. Let f be -5 + 5 - (0 - k). Let u(g) = g**3 + 2*g**2 - 3*g - 3. Determine u(f).
3
Let v(g) = 17*g + 92. Suppose 60*d = 5*d - 133 - 197. Give v(d).
-10
Suppose 15*v - 652 = 19*v. Let r = v + 159. Let l(k) = k**3 + 5*k**2 + 4*k + 2. What is l(r)?
2
Let d(r) = -140*r - 6295. Let w be d(-45). Let m(q) = -q**2 + 2*q - 9. Determine m(w).
-24
Let w(o) = o**2 - 6*o + 10. Suppose 27 = 25*m - 10*m - 48. W